et n = -8685 + 13053. What is the units digit of (n/u)/((-13)/(-15) - 1)?
6
Let x(f) = 83*f**2 + 72*f - 305. What is the hundreds digit of x(20)?
3
Let q = 129 - 153. What is the units digit of 2/(-4) + (-7260)/q?
2
Suppose -5*s + 170217 = 14*l - 15*l, s + 5*l - 34059 = 0. What is the ten thousands digit of s?
3
Suppose -3*j + 136 = 40. Suppose 0 = -4*u - 5*w - 35, -2*u - u + 2*w = j. Let m = u - -92. What is the tens digit of m?
8
Let p = 997 - 288. Let d = 520 + p. What is the units digit of d?
9
Suppose -126*g + 648583 - 159510 = -518927. What is the thousands digit of g?
8
Let u be (4/6)/(6/9). Let c be (-2)/(-4) - u/((-2)/637). Suppose 5*a + c = 1039. What is the hundreds digit of a?
1
Suppose 0 = 2*z - 20 - 94. Let n(v) = 0*v**3 + z - 29*v + 28*v + v**3. What is the tens digit of n(0)?
5
Let q = 5 + 0. Let d = 767 - 762. Suppose -q + 420 = d*i. What is the units digit of i?
3
Let p(x) = -x**2 - 12*x + 17. Let t = 17 + -30. Let j be p(t). What is the tens digit of j/(35/(-18) + 2)?
7
Let q(x) = -x + 14. Let a(w) = -w + 13. Let z(g) = -7*a(g) + 6*q(g). Let k be z(7). Suppose 0*v - 10*v + 680 = k. What is the tens digit of v?
6
Let q(o) = o**3 + 7*o**2 + 11*o + 33. Let i be q(-6). Suppose 2*k + i*k = 0. Suppose k = -14*w + 8*w + 960. What is the tens digit of w?
6
Suppose 0 = 3*h - 13496 - 50023. What is the tens digit of h?
7
Let p(h) = 9*h**2 - 2*h + 164. What is the units digit of p(33)?
9
Let v be 16418/(-46) + 10/(-115). Let n = v - -389. What is the units digit of n?
2
Suppose t - 2*g = -3*g + 40, -5*g = -25. Let b = t + -57. What is the tens digit of (4/(-3))/(b/1122)?
6
Let t be ((1 - 3) + 336/5)*-5. Let c = -34 - t. What is the tens digit of c?
9
Let v = -96 + 99. Suppose v*k - 487 = 4*b + 745, 396 = k - 5*b. What is the tens digit of k?
1
Let g be (-1)/(-7) + (-37504)/(-14). Suppose -9*b = g - 8295. What is the hundreds digit of b?
6
Let h(q) = 99*q**3 + 10*q**2 - 11*q - 29. What is the thousands digit of h(5)?
2
Suppose -w = -3, 15*p - 19*p - 2*w = -26. Let s = -2 + 2. What is the units digit of ((-275)/p + s)*-5?
5
Let f = -15258 + 30916. What is the hundreds digit of f?
6
Let f(v) = -558*v + 293. What is the thousands digit of f(-3)?
1
Let c be 9 + -3 - (4 - (3 - -1)). What is the units digit of ((-10360)/15)/(-7) + (-4)/c?
8
Suppose 2*l - 13*u = -11*u + 62076, 62060 = 2*l + 2*u. What is the units digit of l?
4
Suppose g = i - 0*g + 2, -3*i - 3*g + 6 = 0. Suppose i = 488*c - 477*c - 2398. What is the units digit of c?
8
Suppose 7*b = -82 - 16. What is the tens digit of (-4260)/(-8)*b/(-21)?
5
Let h(z) = 22*z**2 - 134*z - 874. What is the units digit of h(-7)?
2
What is the hundreds digit of (-4769409)/(-135) - (-160)/3600?
3
Let a(z) = 9*z**2 - z**3 + 0*z - 2*z - 47 + 59. Let l be a(8). Suppose -l*y + 254 = -58*y. What is the units digit of y?
7
Suppose -59*b + 25 = -64*b. Let i be ((-20)/b + -4)*1/4. Suppose 4*p + i*c - 224 = c, -281 = -5*p + c. What is the units digit of p?
7
Suppose -2*j - 4661 + 83089 = 3*z, -130710 = -5*z - 4*j. What is the thousands digit of z?
6
Suppose -7*b + 5*b = -2. Suppose j + 3 = -b. What is the tens digit of (0 - 0) + (31 - j)?
3
What is the hundreds digit of 212985/30*64/24?
9
Suppose 0 = 5*b - 3*s - 26023, 4*s - 15637 = -6*b + 3*b. What is the units digit of b?
7
Suppose -102 = -24*g + 618. Suppose -4*j - 6 = -g. What is the units digit of j?
6
What is the thousands digit of 720985/(-41)*(52/(-20) + 2)?
0
Let q be 1125/36 + 6/8. Suppose 4*v - 127 = 2*u - 39, 2*v + 2*u = q. What is the tens digit of 0 - -2 - v*-1?
2
Suppose -22*b + 321226 = -1119334. What is the units digit of b?
0
Suppose 0 = 9*l - l - 9416. Let n = -291 + l. What is the hundreds digit of n?
8
Let w(v) = 1572*v**2 + 53*v - 450. What is the units digit of w(7)?
9
Suppose -372 = -4*u - g + 719, 3*g - 259 = -u. Let d be (-2 + 4)/(2/388). Let p = d - u. What is the units digit of p?
4
What is the hundreds digit of -9 + 11 + 3 - -7113?
1
Suppose -c - 2*v = -2203 - 474, -4*c - v + 10736 = 0. Suppose 29*d + c = 32*d. What is the tens digit of d?
9
Suppose 2*t - 427 = -5*j, -16 = 3*t - 4. Let n = -75 + j. What is the tens digit of 72/5 - n/30?
1
Suppose 0 = 3*q - 3*l + 9, 2*l = 4*q - 0*l + 18. Let y be (-2314)/q - 2/3. Let p = y + -124. What is the tens digit of p?
6
Suppose -177*d + 181*d = -z + 5777, 0 = 4*z + 5*d - 23152. What is the thousands digit of z?
5
Let g(k) = 53*k + 1281. What is the tens digit of g(8)?
0
Let f = -681 - -1409. Suppose 0 = -7*b + 1591 - 1563. Suppose -b*r = 100 - f. What is the tens digit of r?
5
Suppose 322 = 3*u + 322. Suppose -295*k + 312*k - 27642 = u. What is the thousands digit of k?
1
Let n(s) = -28*s + 8. Let p be n(-1). Suppose 148 - p = r. What is the units digit of r?
2
Suppose 66957 = 27*b - 16*b. What is the hundreds digit of b?
0
Let x = -12 - -14. Suppose 2*i - 3*g - 8 = 0, 5 = -x*i + g + 13. Suppose -i*z = 3*s - 137, -2*s + 2*z = -93 + 11. What is the tens digit of s?
4
Let y(f) = -f**2 + 41*f + 282. Let n be y(47). Let z = 313 - 157. Suppose -4*d + 56 + z = n. What is the units digit of d?
3
Let m(s) = 765*s**3 + 14*s**2 - 8*s + 3. What is the units digit of m(2)?
3
Let l = 384 + -383. Let r(y) = 1211*y**3 - 4*y**2 + 5*y. What is the hundreds digit of r(l)?
2
Suppose 3*t + 11 = -2*i + 3*i, 0 = t + 3. Suppose -i*s = -2*a + 17 + 27, 3*a - 4*s - 62 = 0. Let x = 48 + a. What is the tens digit of x?
7
Let z = -120 + 128. Suppose -z*c = -0*c - 1904. What is the units digit of c?
8
Let t = -21 - -21. Suppose t = -50*z + 53*z + 30. What is the tens digit of 48/(z/3 - -4)?
7
Let n(s) = 4*s - 6. Let a(m) = -7*m + 12. Let g(y) = -3*a(y) - 5*n(y). Let x be g(13). Suppose 6*f - x*f + 186 = 0. What is the hundreds digit of f?
1
What is the tens digit of 56/3*305*561/110?
3
Let o(b) = 70*b**2 + 227*b - 3336. What is the thousands digit of o(15)?
5
Suppose 12 + 12 = 4*m. Let j(z) = 2*z**2 - 9*z + 3. Let u be j(m). Let c = u + -5. What is the units digit of c?
6
What is the thousands digit of (44/(-330) + 1575307/(-60))*24/(-9)?
0
Suppose -173*i - 1396 = -174*i. What is the tens digit of (-5)/2*i/(-10)?
4
Let s(x) = 2*x**2 + 72*x - 72. Let c be s(-37). What is the tens digit of c + -6 + 1 - -5 - -661?
6
What is the tens digit of (-38 - -18 - -29) + 22553?
6
Suppose 3*y + y + 5*h - 28 = 0, 5*h - 16 = 2*y. Let p = y - -4. What is the units digit of (160/p)/(2/6)?
0
Suppose 0 = 132*j - 123*j. What is the tens digit of ((-3 - j) + -64)*(-18 - -11)?
6
Let i = -487 - -1497. Suppose -i = -2*r + 4*z, z + z = -4. What is the tens digit of r?
0
Let h = -96 + 102. What is the thousands digit of h/15 + -3*5653/(-15)?
1
Let n be 22/1 - (-3 - -9). Suppose 0 = 6*o - n*o + 1440. What is the tens digit of o?
4
Let a(l) = l**3 + 4*l**2 - 2*l - 3. Let o = -90 - -86. Let b be a(o). Suppose -b*z + 4*z = -70. What is the tens digit of z?
7
Let r be 2*(42/70 + 4/10). Suppose -3*v + 100 = r*v. Let y(p) = p**2 - 16*p - 26. What is the units digit of y(v)?
4
Suppose -312459 - 503191 = 25*i. What is the hundreds digit of i/(-132) - (-2)/(-12)?
2
Let t(a) be the second derivative of 59*a**3/6 - 65*a**2/2 - 43*a - 1. What is the hundreds digit of t(8)?
4
Suppose -3*s = -138 - 2292. Suppose -p + 820 = 3*z, -p = -3*z - 4*p + s. Suppose r = -4*r + z. What is the tens digit of r?
5
Let m(s) = -2*s**2 + 2*s + 1850. Let g be m(0). Suppose 10*u - g = 5*u. What is the units digit of u?
0
Let m(s) = -s**2 + 4*s + 12971. What is the thousands digit of m(0)?
2
Let g = -238 + 243. Suppose -682 - 889 = -4*x - s, 5*x - 1995 = g*s. What is the units digit of x?
4
Let k be (1/2)/((-8)/224). Let d be k/(-6)*(7 + -4). Suppose 571 = d*p + 109. What is the units digit of p?
6
Let d(o) = -9*o + 26. Let x be d(4). What is the units digit of 299 + 3*(x/15)/(-2)?
0
Let j = 3 + 2062. What is the thousands digit of j?
2
Suppose -19*u - 1673 = 1177. Let b = 190 + u. What is the units digit of b?
0
Let k(j) = 5809*j + 16. Let q be k(1). Suppose -18*i - q = -17633. What is the hundreds digit of i?
6
Suppose -8*f + 29 + 19 = 0. Suppose c + u - f = 5*u, 13 = 4*c - 5*u. Suppose -a + 191 = 2*m + 3*m, -c*a - 4*m + 406 = 0. What is the tens digit of a?
1
Suppose -11666 = -3*w + 2*y, -w - 3*y = -2*y - 3882. Suppose w + 3084 = 10*j. What is the tens digit of j?
9
Suppo